 y*q, 0 = m - 2*q - 13. Suppose -5*d - 144 = -m*h + 84, 6 = 2*d. What are the prime factors of h?
3
List the prime factors of 18 - 39/(1014/(-808184)).
2, 15551
Let j(y) = -16*y + 2*y**2 - 133066 + 66528 + 66566. Let u be 2/5 - (-96)/10. List the prime factors of j(u).
2, 17
Let q be (84/(-5))/(539/105 - 5). Let c = q - -127. Let r(y) = 254*y**3 - 5*y + 5. List the prime factors of r(c).
2, 127
Let o = -473 - -479. Suppose 4*c - c - 2067 = j, -2*j = -o. What are the prime factors of c?
2, 3, 5, 23
Let r = 15602 - 798. List the prime factors of r.
2, 3701
Suppose 0 = 11*g + 18*g - 41*g + 393468. List the prime factors of g.
32789
Suppose 10*k - 7*k = -3*c - 1995, 5*c = -4*k - 2660. Let m = k + 1473. What are the prime factors of m?
2, 101
Suppose c - 236*s + 239*s - 31582 = 0, -c = 2*s - 31578. What are the prime factors of c?
2, 5, 7, 11, 41
Suppose -4 = -4*u, 4*y - 18 = 4*u - 2*u. Let z be ((-5)/(15/(-9)))/1. Suppose z*w - 5*v = 159 + 185, y*w - 548 = 2*v. What are the prime factors of w?
2, 3
Let c(x) be the second derivative of -x**3/2 + 5*x. Let i be c(-3). Suppose 368 = i*q - 28. List the prime factors of q.
2, 11
Let p be (-2 + 1)/(7/(-63)). Let d(t) = t**3 - 9*t**2 - 3*t + 21. Let c be d(p). What are the prime factors of (-82)/(-1) - (c - -5 - 3)?
2, 43
Suppose 9733 = 5*q - 5*t + 433, 4*q - 7440 = -2*t. Suppose -3*p - 5*f - 259 + q = 0, -2129 = -4*p - f. What are the prime factors of p?
2, 7, 19
Let z be ((-1)/3)/(15/18 + -1). Suppose -4*l + 106 = -2*v, l + 3 = -5*v + 2. Let r = l - z. List the prime factors of r.
2, 11
Let d be 222/4 + (-3)/(-6)*1. Suppose 5*x + d - 446 = 0. What are the prime factors of x?
2, 3, 13
Suppose -36*c = -10*c + 2184. List the prime factors of (1446/(-9))/(14/c).
2, 241
Let a(h) = h**3 + 3*h - 3. Let l be a(-4). Let m = l - -81. Suppose -4*k - 4*q + 41 + 31 = 0, m*q + 24 = k. What are the prime factors of k?
2, 5
Let g = 37 + -52. Suppose 20006 - 20159 = 17*f. List the prime factors of 8576/40 + f/g.
5, 43
Let m = -1396 - -11224. List the prime factors of m.
2, 3, 7, 13
Let i = -450 - -867. Let w be (i/6)/((-2)/(-4)). Let f = w + -36. List the prime factors of f.
103
Let j(z) = 33 + 15*z + z + 30*z. Let h be j(-8). What are the prime factors of (10/(-25))/(1/h)?
2, 67
Let h be (((-32)/12)/4)/(2/(-1923)). Let a = -364 + h. List the prime factors of a.
277
Suppose 0*a = -6*a - 366. Let s = -12 - a. Let z = s - 3. List the prime factors of z.
2, 23
Let z = 64168 + -31435. List the prime factors of z.
3, 3637
Suppose -36*t = -12*t - 1451112 + 262200. List the prime factors of t.
2, 17, 31, 47
Suppose 3*u + 2*n - 2204 = 36634, 3*u - n = 38838. What are the prime factors of u?
2, 6473
Suppose 3*m - 11*m + 149616 = -5*z, 5*m = -5*z + 93510. List the prime factors of m.
2, 3, 1039
Suppose 8*t + 21 = -13*t. What are the prime factors of ((-117)/(-1) - t) + -8 + 4?
2, 3, 19
Suppose 211*c - 426532 = -498*c + 2790201. What are the prime factors of c?
13, 349
Let k(o) = 4*o + 3. Let f be k(-1). Let p be ((0 - 1) + -81)/f. Suppose -17 = n - p. List the prime factors of n.
5, 13
Let g(w) = 676*w**2 - 2*w - 2. What are the prime factors of g(4)?
2, 3, 1801
Let s(x) = 37*x**2 - x - 12. Let y be s(-5). Suppose 437*a - y = 436*a. What are the prime factors of a?
2, 3, 17
Let o be (-53215)/58*(2/10 + -1). Suppose -9 = -w - 4*x + 10, -4*x = -16. Suppose -w*u - 5*h + o = 0, -u = -2*h - 2*h - 273. List the prime factors of u.
11, 23
Suppose 41*b - 174 = 154. Let w(a) = -6*a - 7*a**2 + 15 + a**3 - 4 + 3. What are the prime factors of w(b)?
2, 3, 5
Let w = 22 - 12. Suppose 35 = 5*n + w. Suppose -5*t = -g + 107, -311 - 74 = -5*g - n*t. List the prime factors of g.
2, 41
Suppose 48*m = 1299564 + 604691 - 683183. List the prime factors of m.
25439
Let m(p) = 12*p - 20. Let r be m(5). Suppose -3*n - r + 4 = 0. What are the prime factors of -4 + 21*n/(-4)?
59
List the prime factors of (-6)/21 - (7 + 535/(-35)) - -21756.
2, 5441
Suppose -16*y + 54991 - 50678 = -170247. List the prime factors of y.
2, 5, 1091
Let w = 24195 + -17066. List the prime factors of w.
7129
Let q(i) = 3*i**3 - 31*i**2 - 18*i + 75. What are the prime factors of q(17)?
31, 179
Let b = -15 - -21. Suppose -3*h - 3 = -5*v, -50*h - 3*v = -47*h + 27. What are the prime factors of ((-70)/b)/(h/18)?
5, 7
Suppose 9 = 3*w - 5*p - 25, -3*p - 6 = 0. Suppose 0 = -13*y + w*y + 425. List the prime factors of y.
5, 17
Let h(c) = -c**3 + 3*c**2 + 5*c - 4. Suppose 0 = 3*v - 29 + 17. Let m be h(v). Suppose m = 6*z - 2*z - 76. What are the prime factors of z?
19
Let d = 3069 + -1840. Let m = d - 768. List the prime factors of m.
461
Suppose v + 4*x + 0*x - 2369 = 0, -2353 = -v + 4*x. What are the prime factors of v?
3, 787
Let z(f) be the first derivative of f**6/40 + f**5/60 + 11*f**4/24 - 9*f**3 + 18. Let h(g) be the third derivative of z(g). What are the prime factors of h(-5)?
2, 113
Let a = 130 + -137. List the prime factors of (-129)/(1/(-5)*(-7)/a).
3, 5, 43
Let g be 17 - (6/39 - 37/(-13)). Suppose -4*c = -5*a - 51 - 38, -3*c = a + g. Let u(w) = w**2 + 12*w - 22. List the prime factors of u(a).
3, 7
Let c(s) = -3*s**2 - 346*s + 57. List the prime factors of c(-19).
2, 19, 73
Let v(h) = -5*h**2 - 458 - 4*h**3 + 6*h**3 - 4*h**3 + 442 + 0*h**2 - 37*h. What are the prime factors of v(-6)?
2, 229
Let k = 219 + -423. Let p = 63 - k. List the prime factors of p.
3, 89
Let q(h) = 214*h + 5 + 522*h + 157*h - 197*h. List the prime factors of q(1).
701
Let u(z) = -z**3 - 8*z**2 - 4*z + 22. Let b be u(-17). Suppose 5*f - 28*f = -b. List the prime factors of f.
3, 13
Let u be 2/4*(-112)/7. Let n be u/(-12) + 1895/15. Let g = n + -63. What are the prime factors of g?
2
Let l = 75 - -2. Let m = -12 + 15. Suppose 0 = 4*f - m*q - l, 3*f = 7*f - 4*q - 72. What are the prime factors of f?
23
Let y = 114 - -4674. What are the prime factors of y?
2, 3, 7, 19
Let i = 7043 + 8256. List the prime factors of i.
15299
Let u(r) = 879*r. Suppose -19 = -q - 18. List the prime factors of u(q).
3, 293
Let j(u) be the first derivative of u**4/4 - 5*u**2/2 - 7*u + 34. Let f be j(-3). Let m = f - -91. List the prime factors of m.
2, 3
Suppose u - 2*u + 270 = 0. Suppose -w - 4*w = -u. Suppose 72 = 2*z - 2*j - w, 0 = 4*z - 5*j - 247. What are the prime factors of z?
2, 17
Let m be (-3)/(9/(-1)) - (-3)/(-9). Suppose o - 4 + 2 = m. Suppose -q - o*q + 5*u = -585, q = -u + 195. List the prime factors of q.
3, 5, 13
What are the prime factors of (789/(-4))/(581/3864 - (-5)/(-30))?
2, 23, 263
Let s = 3899 + -87. List the prime factors of s.
2, 953
Let o(b) be the third derivative of b**6/120 + b**5/6 - b**4/8 - 25*b**3/6 + 92*b**2 + 2. List the prime factors of o(-8).
127
Suppose 925557 = 38*p + 22*p - 368403. What are the prime factors of p?
2, 41, 263
Suppose -3*v = v + 2*v. Suppose v = 10*w - 2*w - 1624. List the prime factors of w.
7, 29
Let c be (-1 - (8 + -2))/(-1). Let b(a) = a**3 + 2*a**2 - 16*a - 29. Let y be b(-4). What are the prime factors of y/(-6) + ((-441)/(-2))/c?
31
List the prime factors of (-1268*3243/368)/(3/(-4)).
47, 317
Let f = 438 - 214. Let c = f + -167. What are the prime factors of c?
3, 19
Let o = 11830 + -5896. List the prime factors of o.
2, 3, 23, 43
Let i = -12 + 12. Suppose 2*b + i*q = 2*q, 18 = 4*b + 2*q. Suppose -30 - 124 = -2*p + l, b*p - 245 = -2*l. List the prime factors of p.
79
Suppose 14*z + 11*z + 31 + 44 = 0. Suppose -3*g + 2 = c, 7*c + 6 = 4*c - 3*g. List the prime factors of (41/c)/(z/24).
2, 41
Let p(c) = 7*c**3 - 3*c**2 + 46*c - 153. What are the prime factors of p(6)?
3, 509
What are the prime factors of ((-10)/((-600)/(-45)))/(22438/(-11216) - -2)?
2, 701
Let z = -1044 - -206. Let d = -398 - z. List the prime factors of d.
2, 5, 11
Let f(l) = -5*l**2 + 11*l**2 - 791*l + 793*l - 2 + 0. List the prime factors of f(-1).
2
Let d(b) = 2*b**3 - 3*b**3 - 17*b**2 + 3 - 24 + 8*b. Let z be d(-17). Let k = z + 265. What are the prime factors of k?
2, 3
Let u(q) = -540*q - 671. What are the prime factors of u(-22)?
11, 1019
Suppose 5*g - 4*o - 16248 = 24039, 2*g + 4*o - 16098 = 0. What are the prime factors of g?
3, 5, 179
Suppose 0 = -73*q - 315173 + 3323430. What are the prime factors of q?
7, 29
Let r(w) = 249*w**2 - 38*w - 41. List the prime factors of r(7).
2, 19, 313
Let 